etermine y(r).
-3
Let f be 4*1*141/(-94). Suppose 4*j + 4*y = 14 + 14, 4*j = y + 28. Let h(u) = 7*u + u**2 + j - 1 + 2*u. What is h(f)?
-12
Let j(w) be the second derivative of 2*w**5/5 - w**4/12 + w**2/2 + 649*w. Determine j(1).
8
Suppose 42*m = 47*m - 5. Let b(v) be the first derivative of -v**4 - v**3/3 + v**2 - v + 20. What is b(m)?
-4
Suppose 17*i - 32 = 2. Let a(s) = -21*s**i + 22*s**2 + 11*s - 2*s**2. Calculate a(12).
-12
Let o(s) = 9*s**2 - 1165*s - 1161*s + 2332*s + 11 - 2 + s**3. What is o(-9)?
-45
Let b(x) = 2*x**3 + 51*x**2 - 23*x + 75. Let t(o) = 1771*o - 5339. Let i be t(3). Give b(i).
-3
Let s(q) = 3*q**2 + 52*q - 1602. Let g be s(16). Let w(x) = x**2 - 4*x - 4. Let l(d) = -4*d - 3. Let i(p) = -6*l(p) + 5*w(p). What is i(g)?
10
Let x(h) = -h**3 + 27*h**2 - 70*h - 48. Let c = -9827 + 9851. Determine x(c).
0
Let m(i) = -i + 569. Let v(x) = -x + 258. Let s(w) = -3*m(w) + 7*v(w). What is s(24)?
3
Let d(u) = 14*u**2 - 18*u - 1. Let f be d(-3). Let s = 167 - f. Let t(a) = a**2 + 11*a + 1. Calculate t(s).
13
Let q(y) be the first derivative of -y - 4*y**2 - 1/3*y**3 - 62. Give q(-6).
11
Let n(x) = x**2 - 5*x. Let s(p) = -2*p**2 + 11*p. Let u(g) = -13*n(g) - 6*s(g). Let j = -89 + 98. Suppose 0 = -j*v - 2 - 16. Determine u(v).
-2
Let h(b) = 3*b**2 + 7*b + 2. Let d(n) = 2 - 4*n - 1 - 2*n**2 - 2. Let z(t) = 5*d(t) + 3*h(t). Let x be 11 - (10 - 46) - 48. What is z(x)?
-1
Let v(a) = 2*a - 20. Suppose 4*y + 461 - 523 = 2*l, -5*y + l = -70. What is v(y)?
6
Let o be (2 - 13/5)*(168/(-9) - -22). Let c(j) = -27*j - 9. Let u(i) = -7*i - 2. Let k(h) = 4*c(h) - 18*u(h). Give k(o).
-36
Let a(o) = o**2 + 11*o + 24. Suppose -90 = -4*d + 14*d - 0*d. What is a(d)?
6
Let d(m) = m - 12. Let f be -7 + 6 + 7 + 0. Suppose 0 = -10*q + 6*q + 3*g + 33, -4*g = q + f. Determine d(q).
-6
Let y(o) = -4*o + 140. Suppose 45*i - 2043 = -333. Calculate y(i).
-12
Let u(j) = -2*j**3 + 12*j**2 + 1 + 26*j**2 - 37*j**2 + 3*j. Calculate u(-3).
55
Let z(y) = 5. Let p(g) = 2*g - 7. Let a(m) = p(m) + z(m). Let o be (-7)/(-2)*(-8)/(-14). Determine a(o).
2
Suppose 1 = -y, y = 2*x - 0*y - 13. Let i = 185 - 107. Let o(n) = -n**2 - 78 + 6*n + i. What is o(x)?
0
Let g(v) = 0 - v + 4 - 7. Let y(q) = -q**3 + q + 1. Let m(j) = 4*j**3 - 4*j**2 - 10*j + 4. Let h(c) = m(c) + 3*y(c). Let d be h(5). What is g(d)?
0
Let f = -15 + 18. Let t(y) = 4*y + 1235 - 1235. Calculate t(f).
12
Let p(n) = n**3 - 7*n**2 - 11*n + 33. Let s be p(8). Let x(i) = 9*i**2 + 3 - s*i**2 - 8*i - i**2 + 9*i. Determine x(3).
-3
Let f = -75 - -73. Let j be 6/(-9)*(f + -1). Suppose -15 = -5*m, i + 13 = j*m - 0*m. Let c(p) = p**3 + 6*p**2 - 10*p - 7. Determine c(i).
14
Let h(t) = 6*t - 2*t**3 + 6*t**2 - 6 - 3*t**3 + 4*t**3. Let p = -77704 - -77711. Calculate h(p).
-13
Let q(n) = n + 31. Let z(o) = 9*o + 50. Let h(f) = -7*f - 46. Let r(j) = 4*h(j) + 3*z(j). Let s(p) = -4*q(p) - 3*r(p). Determine s(-15).
-7
Let i be ((-140)/(-12) - 9)*6/4. Let j(v) = 2 - 49*v + 46*v + 3*v**3 - 3*v**2 - i*v**3. Calculate j(-3).
11
Suppose -a + 18 = c, -c = -2*c - 3*a + 22. Let v(k) = c - 3*k + 6*k - 2*k. Suppose -119*r = 33*r. Calculate v(r).
16
Let w(m) = -30*m**2 - 100*m - 405. Let v(r) = -11*r**2 - 34*r - 135. Let l(y) = -11*v(y) + 4*w(y). Determine l(31).
20
Suppose -27*y + 8*y = -646. Suppose 0 = j - 3*p - 2*p - 2, 5*j - 3*p = -y. Let r(s) = s**2 + 8*s - 7. Calculate r(j).
-7
Suppose 0 = -1721*m + 1714*m + 28. Let k(n) = -4 - 20*n**2 + 6*n**2 + 9*n + 12*n**2. Calculate k(m).
0
Let l(a) = 115*a**2 + 8*a + 18. Let y(k) = 38*k**2 + k - 1. Let h(g) = l(g) - 3*y(g). What is h(-8)?
45
Let z(d) be the first derivative of 3 - 3*d**2 + d - 1/3*d**3. Suppose 201 = -43*s - 57. What is z(s)?
1
Let m = -1 - -1. Let c(z) be the first derivative of -z**4/4 + z**3/3 - 20*z + 6548. What is c(m)?
-20
Let y(w) = -w + 8. Let q be y(-4). Let f(j) = -16 - q*j + 7*j + 2*j + j. What is f(-13)?
10
Let x(n) = -720*n - 670*n + 203 - n**2 - 671*n + 2074*n. Determine x(22).
5
Suppose 1107 = 12*n - 357. Let z(i) = 68 + 65 + 14*i**2 - n - 4*i**2 + i**3. What is z(-10)?
11
Let y be (18 + -15)*(-51)/(-9). Let k(j) = -3 + 3*j + y - 2 - 11. What is k(3)?
10
Let x(m) be the first derivative of 0*m**2 + 5/3*m**3 + 5*m + 1/4*m**4 - 8. Calculate x(-5).
5
Let r(m) = m**2 + m. Suppose -4*a + 3*h = 2*h + 181, 178 = -4*a + 2*h. Let o = -48 - a. Let d be 6*((-9)/o + -5). Determine r(d).
6
Let q = -25411 + 25436. Let x(d) = -2*d**3 + 48*d**2 + 52*d - 55. What is x(q)?
-5
Let k(w) = 7*w**2 - 10*w - 5. Let g(y) = 23*y**2 - 30*y - 15. Suppose 247 = 3*l + 259. Let c(a) = l*g(a) + 13*k(a). Calculate c(-9).
4
Let y be (2115/(-564))/(11/8 - 1). Let w(d) = d + 10. Let p be w(y). Let i(g) = g + 10. What is i(p)?
10
Let d(a) = 3*a**2 - 54*a + 53. Suppose -512*g + 77 + 435 = 0. Give d(g).
2
Let x(b) = -12*b - 41. Let l be x(-2). Let a(d) = -5*d**2 - 26*d - 36. Let k(g) = -14*g**2 - 76*g - 107. Let u(i) = l*a(i) + 6*k(i). Give u(16).
2
Let i(x) = 16*x - 298. Let g be i(19). Suppose -g + 0 = 3*n, 4*u + 2*n + 28 = 0. Let k(v) = -v**2 - 6*v + 2. What is k(u)?
2
Let i(w) = -15*w + 1. Let j(y) = y + 2 + 1 - 2 - 2. Let k(g) = -i(g) - 2*j(g). Give k(1).
14
Let g(a) be the third derivative of a**4/24 + a**3/6 + a**2. Let p(y) = y**2 + 73*y - 383. Let t be p(5). Calculate g(t).
8
Let o(w) be the second derivative of w**5/20 + w**4/4 - w**3/3 + 1492*w. Let u be (3 - 0)*4/6. Suppose 5*r + u*v + 2 = -2, -v - 1 = 2*r. What is o(r)?
8
Let d be 2/9 - 17/((-612)/172). Let z(k) = 12*k**3 + 2*k**2 + 5*k - 4. Let u(j) = 5*j**3 + 2*j**2 + 3*j - 2. Let r(c) = d*u(c) - 2*z(c). What is r(-5)?
-2
Let i = -11745 - -11750. Let t(f) = 4*f - 50. What is t(i)?
-30
Let v = -4776 - -4797. Let g(a) = -3*a + 61. Calculate g(v).
-2
Let c(k) = 5*k - 2. Suppose 0 = 40*y - 39*y - 59*y - 406. What is c(y)?
-37
Let j(z) be the second derivative of z**4/3 - 5*z**3/2 - 29*z**2 - z - 473. Calculate j(-4).
66
Let s(g) = -11*g + 19. Suppose 2*v - 76 = 116. Suppose v*x + 10 = 101*x. Let z be s(x). Let q(l) = -9*l - 1. Determine q(z).
26
Suppose 563 = 13*f + 420. Let a(l) = l**2 - 9*l + 13. Calculate a(f).
35
Let i = 4274 + -4270. Let p(q) = 4 + 0 - 1 - 57*q + 55*q. Determine p(i).
-5
Suppose 0 = 234*x - 100*x - 536. Let k(y) = -4*y**2 + 3*y + 15. Calculate k(x).
-37
Let v(w) = -w + 3*w + w - 7 - w. Let g be v(0). Let u(x) = -x + 7. Let c(t) = t + 1. Let l(j) = 2*c(j) + u(j). Give l(g).
2
Let m(g) be the second derivative of g**8/6720 + g**7/420 + 7*g**6/720 + g**5/30 - 167*g**4/12 + 201*g. Let z(f) be the third derivative of m(f). What is z(-5)?
-6
Suppose -715*h + 933 + 1212 = 0. Let q(i) be the second derivative of 1 + 10*i - 1/12*i**4 - 11/6*i**h - 2*i**2. Give q(-11).
-4
Let g(o) = o**2 - 14*o + 11. Let h(v) = -104*v + 267. Let z be h(-13). Suppose 9*l + 1502 - z = 0. Give g(l).
-2
Let m(v) = 7*v**3 - 21*v**2 + 17*v - 21. Let w(g) = -4*g**3 + 11*g**2 - 9*g + 11. Let c(l) = 3*m(l) + 5*w(l). Let n = -8571 + 8578. Determine c(n).
-15
Let u(q) = q**3 + 3*q**2 + 2*q + 3. Let b = 3750 - 3753. What is u(b)?
-3
Let u(y) be the first derivative of -y**4/4 - 13*y**3/3 - 29*y**2/2 + 16*y - 1390. Determine u(-10).
6
Let v(p) be the first derivative of 2*p**2 + 51*p - 1548. Determine v(-12).
3
Let m = -5 - -3. Let r(s) = s**2 + s + 26. Let a(u) = -3*u**2 - 3*u - 91. Let k(h) = 2*a(h) + 7*r(h). What is k(m)?
2
Let p(x) = 30*x + 13. Let q(c) = 134*c + 50. Let r(z) = -9*p(z) + 2*q(z). Give r(-5).
-7
Let q(a) = a**3 - 5*a**2 + 4*a + 6. Let v(y) = -y**3 + 43*y**2 - 39*y - 121. Let z be v(42). Determine q(z).
26
Suppose -16 = h - 5*h. Let v(s) = -3*s + s**3 - 4*s**3 + 0*s**2 + 3 + 2*s**2 + h*s**3. Let a = 54 - 52. Calculate v(a).
13
Let l(o) = 13*o - 92. Suppose 0 = -44*p + 45*p + i - 10, 24 = 3*p + i. What is l(p)?
-1
Let h(l) = 21*l**2 + l. Let n(g) = -27 - 21 + 10 - 8*g - 1. Let p be n(-5). Determine h(p).
22
Suppose -3*m + 8 = -2*m. Let g(v) = 27 - 5 - 4*v - 4 - m - 16. Calculate g(6).
-30
Let v be (-1*(-2)/(-7))/((-2)/70). Let i(h) = -h**3 + 8*h**2 + 15*h + 46. Calculate i(v).
-4
Let n(y) = 2*y + 10. Let l(i) = 3*i + 19. Let z(u) = 3*l(u) - 4*n(u). What is z(5)?
22
Suppose 0 = -34*h + 167*h - 1729. Let x(n) = -4*n + 21. Determine x(h).
-31
Suppose 5*h + 3*p = 23, p - 25 = -4*h - 8. Suppose -3*a - h*c = -14, -2*c = 2*a - 4*c. Let u(v) = 2*v -